{"id":292,"date":"2022-06-29T19:04:58","date_gmt":"2022-06-29T17:04:58","guid":{"rendered":"https:\/\/www.wcup.cz\/?page_id=292"},"modified":"2022-06-29T19:04:58","modified_gmt":"2022-06-29T17:04:58","slug":"ke-stazeni","status":"publish","type":"page","link":"https:\/\/www.wcup.cz\/2023\/media-2\/ke-stazeni\/","title":{"rendered":"Ke sta\u017een\u00ed"},"content":{"rendered":"\n<p>Loga sv\u011btov\u00e9ho poh\u00e1ru ke sta\u017een\u00ed <a href=\"https:\/\/drive.google.com\/drive\/u\/0\/folders\/1zDjAAoikC42Ve4KO_1ygFA6vT_XVCs4S\" data-type=\"URL\" data-id=\"https:\/\/drive.google.com\/drive\/u\/0\/folders\/1zDjAAoikC42Ve4KO_1ygFA6vT_XVCs4S\" target=\"_blank\" rel=\"noreferrer noopener\"><strong>zde<\/strong><\/a>.<\/p>\n","protected":false},"excerpt":{"rendered":"<p>Loga sv\u011btov\u00e9ho poh\u00e1ru ke sta\u017een\u00ed zde.<\/p>\n","protected":false},"author":1,"featured_media":0,"parent":148,"menu_order":0,"comment_status":"closed","ping_status":"closed","template":"","meta":{"_mi_skip_tracking":false,"_monsterinsights_sitenote_active":false,"_monsterinsights_sitenote_note":"","_monsterinsights_sitenote_category":0,"footnotes":""},"class_list":["post-292","page","type-page","status-publish","hentry"],"_links":{"self":[{"href":"https:\/\/www.wcup.cz\/2023\/wp-json\/wp\/v2\/pages\/292","targetHints":{"allow":["GET"]}}],"collection":[{"href":"https:\/\/www.wcup.cz\/2023\/wp-json\/wp\/v2\/pages"}],"about":[{"href":"https:\/\/www.wcup.cz\/2023\/wp-json\/wp\/v2\/types\/page"}],"author":[{"embeddable":true,"href":"https:\/\/www.wcup.cz\/2023\/wp-json\/wp\/v2\/users\/1"}],"replies":[{"embeddable":true,"href":"https:\/\/www.wcup.cz\/2023\/wp-json\/wp\/v2\/comments?post=292"}],"version-history":[{"count":0,"href":"https:\/\/www.wcup.cz\/2023\/wp-json\/wp\/v2\/pages\/292\/revisions"}],"up":[{"embeddable":true,"href":"https:\/\/www.wcup.cz\/2023\/wp-json\/wp\/v2\/pages\/148"}],"wp:attachment":[{"href":"https:\/\/www.wcup.cz\/2023\/wp-json\/wp\/v2\/media?parent=292"}],"curies":[{"name":"wp","href":"https:\/\/api.w.org\/{rel}","templated":true}]}}