{"id":356,"date":"2022-08-09T14:25:38","date_gmt":"2022-08-09T12:25:38","guid":{"rendered":"https:\/\/www.wcup.cz\/?page_id=356"},"modified":"2025-02-16T10:54:49","modified_gmt":"2025-02-16T09:54:49","slug":"embargovane-prostory","status":"publish","type":"page","link":"https:\/\/www.wcup.cz\/2023\/embargovane-prostory\/","title":{"rendered":"Embargovan\u00e9 prostory"},"content":{"rendered":"\n<p>Podle sout\u011b\u017en\u00edch pravidel IOF (\u00a7 26.5) jsou embargovan\u00e9 oblasti zak\u00e1z\u00e1ny pro v\u0161echny potenci\u00e1ln\u00ed z\u00e1vodn\u00edky druh\u00e9ho kola SP 2023, pro v\u0161echny \u010dleny reprezenta\u010dn\u00edch t\u00fdm\u016f a dal\u0161\u00ed osoby, kter\u00e9 mohou znalostmi ter\u00e9nu ovlivnit v\u00fdsledky sout\u011b\u017e\u00ed. V\u0161echny oblasti, na kter\u00e9 je uvaleno embargo, jsou \u201ep\u0159\u00edsn\u00fdm embargem\u201c. V\u00edce informac\u00ed a mapy jsou k dispozici na <a href=\"https:\/\/eventor.orienteering.org\/Events\/Show\/7247\">https:\/\/eventor.orienteering.org\/Events\/Show\/7247<\/a> a webu <a href=\"http:\/\/www.wcup.cz\/2023\">www.wcup.cz\/2023<\/a>.<\/p>\n\n\n<p><!-- \/wp:paragraph --><\/p>\n<p><!-- \/wp:paragraph --><\/p>\n<p><!-- wp:paragraph --><\/p>\n<p><!-- \/wp:paragraph --><\/p>\n<p><!-- wp:heading --><\/p>\n<p><!-- \/wp:heading --><\/p>\n<p><!-- wp:paragraph --><\/p>\n<p><!-- \/wp:paragraph --><\/p>\n<p><!-- wp:paragraph --><\/p>\n<p><!-- \/wp:paragraph --><\/p>\n<p><!-- wp:paragraph --><\/p>\n<p><!-- \/wp:paragraph --><\/p>\n<p><!-- wp:paragraph --><\/p>\n<p><!-- \/wp:paragraph --><\/p>\n<p><!-- wp:heading --><\/p>\n<p><!-- \/wp:heading --><\/p>\n<p><!-- wp:paragraph --><\/p>\n<p><!-- \/wp:paragraph --><\/p>\n<p><!-- wp:paragraph --><\/p>\n<p><!-- \/wp:paragraph --><\/p>\n<p><!-- wp:paragraph --><\/p>\n<p><!-- \/wp:paragraph --><\/p>\n<p><!-- wp:heading --><\/p>\n<p><!-- \/wp:heading --><\/p>\n<p><!-- wp:paragraph --><\/p>\n<p><!-- \/wp:paragraph --><\/p>\n<p><!-- wp:heading --><\/p>\n<p><!-- \/wp:heading --><\/p>\n<p><!-- wp:paragraph --><\/p>\n<p><!-- \/wp:paragraph --><\/p>\n<p><!-- \/wp:paragraph --><\/p>\n<p><!-- wp:paragraph --><\/p>\n<p><!-- \/wp:paragraph --><\/p>\n<p><!-- wp:heading --><\/p>\n<p><!-- \/wp:heading --><\/p>\n<p><!-- wp:paragraph --><\/p>\n<p><!-- \/wp:paragraph --><\/p>\n<p><!-- wp:paragraph --><\/p>\n<p><!-- \/wp:paragraph --><\/p>\n<p><!-- wp:paragraph --><\/p>\n<p><!-- \/wp:paragraph --><\/p>\n<p><!-- wp:paragraph --><\/p>\n<p><!-- \/wp:paragraph --><\/p>\n<p><!-- wp:heading --><\/p>\n<p><!-- \/wp:heading --><\/p>\n<p><!-- wp:paragraph --><\/p>\n<p><!-- \/wp:paragraph --><\/p>\n<p><!-- wp:paragraph --><\/p>\n<p><!-- \/wp:paragraph --><\/p>\n<p><!-- wp:paragraph --><\/p>\n<p><!-- \/wp:paragraph --><\/p>\n<p><!-- wp:heading --><\/p>\n<p><!-- \/wp:heading --><\/p>\n<p><!-- wp:paragraph --><\/p>\n<p><!-- \/wp:paragraph --><\/p>\n<p><!-- wp:heading --><\/p>\n<p><!-- \/wp:heading --><\/p>\n<p><!-- wp:paragraph --><\/p>\n<p><!-- \/wp:paragraph --><\/p>\n<p><!-- wp:paragraph --><\/p>\n<p><!-- \/wp:paragraph --><\/p>\n<p><!-- \/wp:paragraph --><\/p>\n<\/p>\n<p><a href=\"https:\/\/www.google.com\/maps\/d\/viewer?mid=1-5w431KA97EZSVYIHheorigaX_9EHzdS&amp;ll=50.57277943999066%2C14.716853100000007&amp;z=10\">https:\/\/www.google.com\/maps\/d\/viewer?mid=1-5w431KA97EZSVYIHheorigaX_9EHzdS&amp;ll=50.57277943999066%2C14.716853100000007&amp;z=10<\/a><\/p>\n<p><!-- \/wp:paragraph --><\/p>\n<p><!-- wp:paragraph --><\/p>\n<p><!-- \/wp:paragraph --><\/p>\n<p><!-- wp:heading --><\/p>\n<h2>\u00a0<\/h2>\n<h2><strong>7\/1 &#8211; \u017dd\u00edreck\u00fd d\u016fl (kr\u00e1tk\u00e1 &amp; klasick\u00e1 tra\u0165)<\/strong><\/h2>\n<p><!-- \/wp:heading --><\/p>\n<p><!-- wp:paragraph --><\/p>\n<p>Pr\u016fjezd Nedamov &#8211; \u017dd\u00edrec povolen.<\/p>\n<p><!-- \/wp:paragraph --><\/p>\n<p><!-- wp:paragraph --><\/p>\n<p>Pr\u016fjezd \u017dd\u00edrec &#8211; Blatce &#8211; Vlkov povolen.<\/p>\n<p><!-- \/wp:paragraph --><\/p>\n<p><!-- wp:paragraph --><\/p>\n<p>Pr\u016fjezd po silnici \u010d. II\/259 Dub\u00e1 &#8211; Vlkov povolen.<\/p>\n<p><!-- \/wp:paragraph --><\/p>\n<p><!-- wp:paragraph --><\/p>\n<p><!-- \/wp:paragraph --><\/p>\n<p><!-- wp:heading --><\/p>\n<h2><strong>7\/2 &#8211; \u010cesk\u00e1 L\u00edpa<\/strong> <strong>(sprint &amp; sprintov\u00e9 \u0161tafety)<\/strong><\/h2>\n<p><!-- \/wp:heading --><\/p>\n<p><!-- wp:paragraph --><\/p>\n<p>Pr\u016fjezd po silnici \u010d. I\/9 povolen.<\/p>\n<p><!-- \/wp:paragraph --><\/p>\n<p><!-- wp:paragraph --><\/p>\n<p>Pr\u016fjezd po silnici \u010d. II\/262 povolen.<\/p>\n<p><!-- \/wp:paragraph --><\/p>\n<p><!-- wp:paragraph --><\/p>\n<p><!-- \/wp:paragraph --><\/p>\n<p><!-- wp:heading --><\/p>\n<h2><strong>7\/3 &#8211; Muchov (z\u00e1lo\u017en\u00ed prostor pro kr\u00e1tkou &amp; klasickou tra\u0165)<\/strong><\/h2>\n<p><!-- \/wp:heading --><\/p>\n<p><!-- wp:paragraph --><\/p>\n<p><!-- \/wp:paragraph --><\/p>\n<p><!-- wp:heading --><\/p>\n<h2><strong>7\/4 &#8211; \u017delezn\u00fd Brod<\/strong> <strong>(z\u00e1lo\u017en\u00ed prostor pro sprint &amp; sprintov\u00e9 \u0161tafety)<\/strong><\/h2>\n<p><!-- \/wp:heading --><\/p>\n<p><!-- wp:paragraph --><\/p>\n<p>Pr\u016fjezd po silnici \u010d. I\/10 povolen.<\/p>\n<p><!-- \/wp:paragraph --><\/p>\n<p><!-- wp:paragraph --><\/p>\n<p>Pr\u016fjezd po silnici \u010d. II\/288 povolen.<\/p>\n<p><!-- \/wp:paragraph --><\/p>\n<p><!-- \/wp:paragraph --><\/p>\n<p><!-- wp:paragraph --><\/p>\n<\/p>\n<p><!-- \/wp:paragraph --><\/p>\n<p><!-- wp:paragraph --><\/p>\n<p><!-- \/wp:paragraph --><\/p>","protected":false},"excerpt":{"rendered":"<p>Podle sout\u011b\u017en\u00edch pravidel IOF (\u00a7 26.5) jsou embargovan\u00e9 oblasti zak\u00e1z\u00e1ny pro v\u0161echny potenci\u00e1ln\u00ed z\u00e1vodn\u00edky druh\u00e9ho kola SP 2023, pro v\u0161echny \u010dleny reprezenta\u010dn\u00edch t\u00fdm\u016f a dal\u0161\u00ed osoby, kter\u00e9 mohou znalostmi ter\u00e9nu ovlivnit v\u00fdsledky sout\u011b\u017e\u00ed. V\u0161echny oblasti, na kter\u00e9 je uvaleno embargo, jsou \u201ep\u0159\u00edsn\u00fdm embargem\u201c. V\u00edce informac\u00ed a mapy jsou k dispozici [&hellip;]<\/p>\n","protected":false},"author":1,"featured_media":0,"parent":0,"menu_order":0,"comment_status":"closed","ping_status":"closed","template":"","meta":{"_mi_skip_tracking":false,"_monsterinsights_sitenote_active":false,"_monsterinsights_sitenote_note":"","_monsterinsights_sitenote_category":0,"footnotes":""},"class_list":["post-356","page","type-page","status-publish","hentry"],"_links":{"self":[{"href":"https:\/\/www.wcup.cz\/2023\/wp-json\/wp\/v2\/pages\/356","targetHints":{"allow":["GET"]}}],"collection":[{"href":"https:\/\/www.wcup.cz\/2023\/wp-json\/wp\/v2\/pages"}],"about":[{"href":"https:\/\/www.wcup.cz\/2023\/wp-json\/wp\/v2\/types\/page"}],"author":[{"embeddable":true,"href":"https:\/\/www.wcup.cz\/2023\/wp-json\/wp\/v2\/users\/1"}],"replies":[{"embeddable":true,"href":"https:\/\/www.wcup.cz\/2023\/wp-json\/wp\/v2\/comments?post=356"}],"version-history":[{"count":1,"href":"https:\/\/www.wcup.cz\/2023\/wp-json\/wp\/v2\/pages\/356\/revisions"}],"predecessor-version":[{"id":1282,"href":"https:\/\/www.wcup.cz\/2023\/wp-json\/wp\/v2\/pages\/356\/revisions\/1282"}],"wp:attachment":[{"href":"https:\/\/www.wcup.cz\/2023\/wp-json\/wp\/v2\/media?parent=356"}],"curies":[{"name":"wp","href":"https:\/\/api.w.org\/{rel}","templated":true}]}}